remainder when 31247 is divided by 881?
412
Calculate the remainder when 563850 is divided by 537.
0
Calculate the remainder when 2557 is divided by 99.
82
Calculate the remainder when 741 is divided by 123.
3
What is the remainder when 51979 is divided by 1574?
37
Calculate the remainder when 193295 is divided by 96646.
3
What is the remainder when 12099 is divided by 11?
10
What is the remainder when 548 is divided by 82?
56
Calculate the remainder when 71784 is divided by 430.
404
Calculate the remainder when 5255 is divided by 1750.
5
What is the remainder when 28701 is divided by 4079?
148
Calculate the remainder when 5779 is divided by 964.
959
What is the remainder when 60828 is divided by 548?
0
What is the remainder when 3395 is divided by 110?
95
What is the remainder when 470 is divided by 214?
42
Calculate the remainder when 95020 is divided by 1068.
1036
Calculate the remainder when 9690 is divided by 4828.
34
What is the remainder when 66671 is divided by 31?
21
What is the remainder when 111599 is divided by 36?
35
What is the remainder when 73455 is divided by 33?
30
Calculate the remainder when 190481 is divided by 239.
237
What is the remainder when 179715 is divided by 14?
11
What is the remainder when 85097 is divided by 185?
182
Calculate the remainder when 26636 is divided by 321.
314
Calculate the remainder when 5072 is divided by 23.
12
Calculate the remainder when 2013252 is divided by 1461.
1455
What is the remainder when 28080 is divided by 180?
0
Calculate the remainder when 12107 is divided by 52.
43
What is the remainder when 208142 is divided by 531?
521
Calculate the remainder when 153 is divided by 150.
3
What is the remainder when 3165 is divided by 354?
333
What is the remainder when 2079 is divided by 78?
51
What is the remainder when 2618 is divided by 1122?
374
What is the remainder when 36224 is divided by 1175?
974
What is the remainder when 562031 is divided by 652?
7
Calculate the remainder when 1806103 is divided by 12.
7
What is the remainder when 40702 is divided by 26?
12
What is the remainder when 32580 is divided by 176?
20
What is the remainder when 2996 is divided by 31?
20
Calculate the remainder when 3934 is divided by 1291.
61
What is the remainder when 25865 is divided by 552?
473
Calculate the remainder when 6811 is divided by 24.
19
Calculate the remainder when 64931 is divided by 12.
11
Calculate the remainder when 10799 is divided by 9.
8
What is the remainder when 2881 is divided by 541?
176
What is the remainder when 30621 is divided by 10097?
330
What is the remainder when 262299 is divided by 43704?
75
What is the remainder when 55601 is divided by 55488?
113
What is the remainder when 4442 is divided by 529?
210
Calculate the remainder when 6162 is divided by 389.
327
What is the remainder when 3676 is divided by 3645?
31
Calculate the remainder when 672409 is divided by 4.
1
Calculate the remainder when 1098 is divided by 119.
27
What is the remainder when 80254 is divided by 128?
126
Calculate the remainder when 8110 is divided by 2016.
46
What is the remainder when 5934 is divided by 359?
190
Calculate the remainder when 3343 is divided by 1668.
7
What is the remainder when 2121 is divided by 123?
30
Calculate the remainder when 302274 is divided by 535.
534
Calculate the remainder when 7888 is divided by 525.
13
Calculate the remainder when 103325 is divided by 840.
5
Calculate the remainder when 3062 is divided by 15.
2
What is the remainder when 1453 is divided by 161?
4
What is the remainder when 42181 is divided by 32?
5
Calculate the remainder when 5189 is divided by 82.
23
Calculate the remainder when 290699 is divided by 1275.
1274
Calculate the remainder when 4395 is divided by 168.
27
What is the remainder when 12068 is divided by 63?
35
What is the remainder when 452 is divided by 312?
140
What is the remainder when 2959851 is divided by 259?
258
What is the remainder when 1572 is divided by 195?
12
What is the remainder when 3654 is divided by 603?
36
Calculate the remainder when 2670 is divided by 743.
441
Calculate the remainder when 45837 is divided by 13.
12
Calculate the remainder when 149852 is divided by 4162.
20
What is the remainder when 310937 is divided by 140?
137
What is the remainder when 3419 is divided by 185?
89
Calculate the remainder when 720300 is divided by 319.
317
Calculate the remainder when 180883 is divided by 115.
103
Calculate the remainder when 6643 is divided by 2189.
76
What is the remainder when 8986 is divided by 4452?
82
What is the remainder when 17662 is divided by 1374?
1174
Calculate the remainder when 29624 is divided by 53.
50
What is the remainder when 73389 is divided by 48?
45
What is the remainder when 55988 is divided by 13?
10
What is the remainder when 684168 is divided by 43?
38
What is the remainder when 1052 is divided by 18?
8
What is the remainder when 90478 is divided by 60?
58
What is the remainder when 1549 is divided by 186?
61
What is the remainder when 7780 is divided by 488?
460
Calculate the remainder when 135819 is divided by 67857.
105
Calculate the remainder when 62890 is divided by 184.
146
Calculate the remainder when 2455 is divided by 23.
17
Calculate the remainder when 59473 is divided by 2585.
18
What is the remainder when 28454 is divided by 10?
4
What is the remainder when 7543 is divided by 381?
304
What is the remainder when 823 is divided by 27?
13
What is the remainder when 4991327 is divided by 24?
23
Calculate the remainder when 31420 is divided by 58.
42
What is the remainder when 1868 is divided by 40?
28
Calculate the remainder when 5267 is divided by 527.
524
Calculate the remainder when 17302 is divided by 8609.
84
Calculate the remainder when 1014 is divided by 8.
6
What is the remainder when 4378 is divided by 364?
10
What is the remainder when 27345 is divided by 159?
156
What is the remainder when 88348 is divided by 53?
50
What is the remainder when 14704 is divided by 267?
19
Calculate the remainder when 8133 is divided by 139.
71
Calculate the remainder when 10182 is divided by 104.
94
What is the remainder when 49274 is divided by 73?
72
What is the remainder when 117171 is divided by 27?
18
Calculate the remainder when 54040 is divided by 17.
14
What is the remainder when 2075 is divided by 78?
47
What is the remainder when 55274 is divided by 27636?
2
Calculate the remainder when 344 is divided by 43.
0
Calculate the remainder when 28032 is divided by 28026.
6
Calculate the remainder when 117539 is divided by 39178.
5
Calculate the remainder when 76633 is divided by 238.
235
Calculate the remainder when 23004 is divided by 65.
59
What is the remainder when 4916 is divided by 934?
246
What is the remainder when 44059 is divided by 31?
8
Calculate the remainder when 101053 is divided by 4812.
1
Calculate the remainder when 10319 is divided by 20.
19
What is the remainder when 12454 is divided by 477?
52
Calculate the remainder when 265351 is divided by 870.
1
Calculate the remainder when 1443 is divided by 157.
30
Calculate the remainder when 985252 is divided by 985231.
21
What is the remainder when 25505 is divided by 752?
689
Calculate the remainder when 200351 is divided by 66780.
11
What is the remainder when 640 is divided by 116?
60
Calculate the remainder when 95949 is divided by 68.
1
Calculate the remainder when 393137 is divided by 193.
189
Calculate the remainder when 1893 is divided by 940.
13
What is the remainder when 61306 is divided by 1057?
0
What is the remainder when 6763 is divided by 964?
15
What is the remainder when 249930 is divided by 27766?
36
Calculate the remainder when 640 is divided by 103.
22
What is the remainder when 2509 is divided by 539?
353
Calculate the remainder when 103054 is divided by 20594.
84
What is the remainder when 1413 is divided by 49?
41
What is the remainder when 302676 is divided by 91?
10
Calculate the remainder when 2883 is divided by 901.
180
What is the remainder when 1315 is divided by 88?
83
Calculate the remainder when 8767 is divided by 16.
15
What is the remainder when 34878 is divided by 41?
28
Calculate the remainder when 40699 is divided by 798.
1
What is the remainder when 774 is divided by 66?
48
What is th